Let l(k) = -k**2 + 12*k - 2. What is l(10)?
18
Let u(a) = 5*a + 62. Calculate u(-13).
-3
Let q(u) = 6*u - 2. Determine q(1).
4
Let o(w) = 2*w**2 - 10*w - 16. Calculate o(10).
84
Let k(a) = a**2 + 13*a - 3. Determine k(-10).
-33
Let o(f) = f**2 + 10*f + 13. Calculate o(-8).
-3
Let x(u) = 4*u + 102. What is x(-27)?
-6
Let j(f) = -51*f + 7. What is j(-2)?
109
Let f(y) = -y**3 + 8*y**2 - 10*y + 15. What is f(7)?
-6
Let v(z) = -7*z**3 - z**2 + z - 1. What is v(-2)?
49
Let d(q) = -14*q**3 - q**2 + 2*q - 1. What is d(1)?
-14
Let t(r) = -r**3 + 21*r**2 + 4*r - 68. Determine t(21).
16
Let o(v) = 4*v**2 - 2*v. Determine o(4).
56
Let i(w) = -11*w - 2. Give i(-1).
9
Let y(t) = -t**3 - 3*t**2 + 4*t - 1. Give y(-4).
-1
Let x(n) = -n**3 - 15*n**2 - 40*n - 33. Calculate x(-12).
15
Let w(v) = -6*v - 12. Calculate w(-4).
12
Let m(t) = 2*t**2 + 11*t - 3. Give m(-6).
3
Let f(q) = 7*q**2 - 3. Calculate f(-3).
60
Let i(s) = s**3 - 9*s**2 + 4*s + 15. Give i(6).
-69
Let r(z) = -2*z**2 - 9*z + 7. Give r(-6).
-11
Let c(h) = 33*h - 258. Determine c(8).
6
Let y(o) = o**3 + 10*o**2 - o + 2. Give y(-10).
12
Let i(w) = -w**2 - 17*w - 15. Determine i(-14).
27
Let a(g) = 7*g + 137. Determine a(-19).
4
Let g(o) = -6*o - 6. Determine g(-5).
24
Let a(v) = 4*v + 35. Calculate a(-8).
3
Let b(w) = -2*w + 10. What is b(12)?
-14
Let w(d) = -d**2 - 4*d + 37. Give w(-13).
-80
Let g(a) = -8*a**2 - a. Determine g(-1).
-7
Let w(t) = 2*t + 2. Give w(-3).
-4
Let r(k) = -5*k - 46. Calculate r(-8).
-6
Let p(w) = -w**2 + 21*w - 102. Determine p(10).
8
Let h(d) = -2*d - 1. Calculate h(2).
-5
Let i(t) = -t**3 + 15*t**2 + 16*t - 6. What is i(16)?
-6
Let z(i) = -9*i**2 - 3*i - 7. Give z(-2).
-37
Let b(r) = r**3 - 18*r**2 - 21*r + 11. What is b(19)?
-27
Let m(s) = -3*s + 61. Give m(21).
-2
Let t(y) = 2*y**2 + 19*y - 4. Give t(-9).
-13
Let a(v) = v**2 - 17*v + 2. Determine a(13).
-50
Let a(c) = c**3 + 4*c**2 + 3*c - 1. Calculate a(-3).
-1
Let c(o) = 2*o - 34. Calculate c(16).
-2
Let v(a) = -a**3 + 8*a**2 + a - 11. Give v(8).
-3
Let w(g) = g - 11. Determine w(5).
-6
Let u(x) = -x**3 - 6*x**2 - 6*x + 3. Calculate u(-5).
8
Let c(t) = -t**2 + 9. Give c(-3).
0
Let r(j) = -4*j + 12. Determine r(12).
-36
Let r(p) = -7*p**3 - 3*p**2 - p + 1. Determine r(-1).
6
Let r(m) = 3*m**2 + 3*m - 10. What is r(4)?
50
Let y(o) = -9*o - 68. Determine y(-7).
-5
Let l(h) = -h**3 - 12*h**2 + 30*h + 8. Calculate l(-14).
-20
Let g(j) = -6*j + 40. Calculate g(7).
-2
Let t(h) = -4*h + 29. Calculate t(8).
-3
Let p(h) = h**2 + h - 4. Calculate p(0).
-4
Let x(w) = 34*w + 339. What is x(-10)?
-1
Let c(j) = 5*j**2 + 1. What is c(-3)?
46
Let h(d) = -2*d**2 - 9*d. What is h(-6)?
-18
Let u(t) = t**3 - 7*t**2 - 11*t + 7. Calculate u(8).
-17
Let w(c) = -15*c**2 + 2*c + 7. Give w(-2).
-57
Let t(k) = k**2 - 14*k + 29. What is t(13)?
16
Let d(i) = -9*i**3 - 3*i**2 + 2*i - 1. Calculate d(1).
-11
Let j(m) = 3*m**2 - m. Give j(1).
2
Let m(r) = r**3 - 13*r**2 - 13*r - 3. Determine m(14).
11
Let d(q) = -23*q**3 + q. Calculate d(1).
-22
Let g(u) = u**3 - 24*u**2 + 43*u + 30. Give g(22).
8
Let k(h) = -h**2 - 4*h + 16. Determine k(-5).
11
Let g(l) = -29*l - 1. Give g(1).
-30
Let a(t) = -23*t**3 + t**2 + 2*t + 1. What is a(-1)?
23
Let i(m) = 189*m - 1135. Calculate i(6).
-1
Let p(v) = v**2 + 5*v - 7. Calculate p(-7).
7
Let g(b) = -b**3 + 22*b**2 - 21*b - 12. Determine g(21).
-12
Let l(x) = -x**3 + 7*x**2 + 9*x - 9. Give l(8).
-1
Let t(q) = q + 178. What is t(0)?
178
Let s(b) = 3*b**2 + 21*b + 35. Determine s(-6).
17
Let h(y) = y**2 - 10*y + 9. What is h(8)?
-7
Let z(k) = -k**3 - 35*k**2 + 37*k + 19. What is z(-36)?
-17
Let a(v) = 5*v - 29. Calculate a(5).
-4
Let k(h) = -h**3 - 41*h**2 + 178*h - 90. What is k(-45)?
0
Let y(h) = -h + 1. What is y(-4)?
5
Let m(r) = -r - 32. Determine m(-8).
-24
Let x(n) = n**2 + 7*n - 3. Determine x(-7).
-3
Let z(i) = -2*i**2 + 11*i + 39. What is z(8)?
-1
Let a(g) = 24*g**2 + g. Give a(1).
25
Let f(i) = -i**3 - 7*i**2 - 4*i - 1. What is f(-3)?
-25
Let g(s) = -29*s - 8. Calculate g(-2).
50
Let o(x) = -x**3 + 28*x**2 + 28*x + 33. Give o(29).
4
Let m(b) = 10*b - 42. Give m(5).
8
Let m(g) = g**2 + 3*g - 5. What is m(-4)?
-1
Let h(q) = -19*q + 501. What is h(27)?
-12
Let s(i) = 2*i**3 + 19*i**2 - 13*i - 8. What is s(-10)?
22
Let x(j) = -j**3 - 14*j**2 - 27*j. What is x(-12)?
36
Let m(i) = i**2 - 8*i - 7. Determine m(7).
-14
Let y(j) = j**3 + 4*j**2 - 13*j - 33. Determine y(-5).
7
Let k(b) = -10*b + 55. Determine k(5).
5
Let j(w) = 8*w**3 - 2*w**2 + 3*w - 1. Determine j(2).
61
Let h(m) = -33*m - 392. Determine h(-12).
4
Let p(c) = -4*c + 59. What is p(-22)?
147
Let n(u) = -3*u + 48. Determine n(18).
-6
Let k(y) = 3*y**2 + 6*y - 1. Give k(-3).
8
Let p(t) = t**2 + t - 4. Calculate p(-3).
2
Let a(d) = -2*d**3 - 60*d**2 + 62*d + 2. Give a(-31).
2
Let h(j) = j**3 - 20*j**2 - 22*j + 21. What is h(21)?
0
Let o(x) = -12*x - 10. Determine o(9).
-118
Let f(y) = 5*y - 42. Determine f(17).
43
Let y(g) = 21*g - 176. Give y(8).
-8
Let s(t) = t**2 - 3*t + 16. Calculate s(4).
20
Let q(u) = u**3 + 12*u**2 - 33*u - 71. What is q(-14)?
-1
Let f(z) = z**3 - 10*z**2 - 8*z + 5. What is f(11)?
38
Let c(u) = -9*u**2 - 4*u + 3. Calculate c(2).
-41
Let o(n) = n**3 - 53*n**2 - 52*n - 110. Determine o(54).
-2
Let l(d) = -d - 5. What is l(-4)?
-1
Let s(l) = -11*l - 112. Calculate s(-11).
9
Let g(m) = -m**3 - 7*m**2 + 9*m - 16. Determine g(-8).
-24
Let b(j) = -j**3 + 8*j**2 - 10*j + 7. Give b(6).
19
Let r(q) = -q**3 - 20*q**2 - 18*q + 75. Calculate r(-19).
56
Let i(j) = -19*j + 273. What is i(14)?
7
Let b(l) = -l**3 - 2*l**2 + 13. Determine b(0).
13
Let v(y) = -y**3 - 5*y**2 - y + 1. Give v(-5).
6
Let o(z) = -z**3 + 12*z**2 + 12*z + 10. Determine o(13).
-3
Let w(i) = -2*i**3 + 68*i**2 - i + 30. Determine w(34).
-4
Let k(w) = -w + 8. Determine k(4).
4
Let w(f) = f**2 + 17*f + 38. Determine w(-17).
38
Let d(k) = 6*k**2 + 8*k - 4. Calculate d(3).
74
Let o(w) = -w**3 - 28*w**2 - 3*w - 82. Calculate o(-28).
2
Let k(p) = -p**2 + 4*p + 10. Calculate k(-7).
-67
Let q(u) = -u**3 - 6*u**2 - 6*u - 6. Give q(-4).
-14
Let u(n) = -118*n - 832. Determine u(-7).
-6
Let o(w) = -w**3 - 13*w**2 + 14*w. What is o(-14)?
0
Let c(f) = -f**2 + 3*f + 140. Calculate c(13).
10
Let c(r) = -2*r - 6. Give c(-6).
6
Let m(a) = -a**2 + 3. Determine m(0).
3
Let o(y) = -53*y - 8. Determine o(-2).
98
Let c(i) = i**2 - 3*i - 27. Calculate c(-4).
1
Let q(j) = -6*j**2 - 38*j - 3. Calculate q(-6).
9
Let o(r) = -5*r**2 - 31*r - 2. Give o(-6).
4
Let g(r) = -7*r + 17. What is g(5)?
-18
Let j(k) = k**2 - 93*k + 440. What is j(5)?
0
Let w(j) = -5*j**2 + 58*j - 38. Give w(11).
-5
Let v(j) = -4*j**2 + j + 3. Determine v(-4).
-65
Let o(p) = 2*p + 5. Give o(-1).
3
Let g(f) = 21*f**3 + 2*f**2 - 1. Determine g(1).
22
Let n(h) = -3*h + 33. Give n(10).
3
Let k(b) = 2*b - 26. Calculate k(14).
2
Let b(z) = 2*z + 9. Determine b(10).
29
Let w(m) = -m**3 + 9*m**2 - 8*m + 11. Calculate w(8).
11
Let l(b) = -b**3 - 4*b**2 + 4*b - 2. Give l(-5).
3
Let g(k) = k**2 + 16*k - 4. What is g(-16)?
-4
Let i(b) = 3*b**3 + 2*b**2 - 2*b - 1. Give i(-2).
-13
Let t(a) = -4*a**3 - 84*a**2. Calculate t(-21).
0
Let c(v) = -2*v**2 - 5*v - 9. Determine c(-4).
-21
Let m(x) = -3*x**2 - 6*x + 41. Determine m(-5).
-4
Let a(j) = -2*j**3 + 11*j**2 + 8*j - 7. Calculate a(6).
5
Let d(w) = -w**3 + 2*w**2 - 9*w + 9. What is d(1)?
1
Let x(s) = s**2 - 10*s - 6. Calculate x(9).
-15
Let g(s) = -s**2 + 5*s - 5. Calculate g(6).
-11
Let s(l) = 4*l + 192. Determine s(-47).
4
Let y(a) = a**3 - 4. Calculate y(-2).
-12
Let i(b) = -2*b**2 - 4*b - 5. Calculate i(6).
-101
Let q(b) = -b**3 + 6*b**2 + 2*b + 5. What is q(7)?
-30
Let j(h) = 2*h + 21. What is j(-12)?
-3
Let h(u) = -7*u - 10. Calculate h(-7).
39
Let l(k) = -14*k**2 + k - 6. What is l(-3)?
-135
Let n(s) = s**3 + 7*s**2 - 3*s - 8. What is n(-7)?
13
Let o(b) = -b**3 - 7*b**2 - 10*b + 1. What is o(-3)?
-5
Let w(q) = -q**2 - 12*q - 15. What is w(-6)?
21
Let t(y) = 2*y**3 - 3*y**2 - y + 4. What is t(2)?
6
Let h(q) = 2*q**2 + 15*q + 3. Determine h(-6).
-15
Let h(s) = s**3 + 6*s**2 + 6*s - 2. What is h(-5)?
-7
Let n(t) = 2*t**2 - 36*t. Give n(18).
0
Let z(s) = 20*s - 457. Determine z(23).
3
Let i(d) = d**2 + 8*d + 7. Determine i(-5).
-8
Let f(r) = r**3 - 33*r**2 + 34*r - 59. Determine f(32).
5
Let